2*a - a + a. Let w = -6 + 9. Suppose -v + 3*v = 3*c, -2*v - w*c - 12 = 0. Calculate l(v).
6
Let k(h) = h**3 + 3*h**2 - 2*h - 2. Let a(c) = c - 4. Let j be a(4). Suppose p - 6 - 13 = j. Suppose -p = m + 4*m + 3*i, -5*m - i - 13 = 0. Determine k(m).
6
Let p(g) = g**2 + 7*g - 5. Let b(y) = y**3 - 5*y**2 - 9*y + 13. Let x be b(6). What is p(x)?
-15
Let t(h) be the second derivative of 1/3*h**3 + 0 - h**2 - h. Let s = -11 - -13. What is t(s)?
2
Let f(x) = -5*x + x**3 + 3 - 4 - 5*x**2 + 2. Give f(6).
7
Let m = 1 + 2. Let p(g) = -3 + 6 - g + 0*g. Calculate p(m).
0
Let m(d) = -2*d**2 - 3*d - 1. Let n = 34 - 36. Determine m(n).
-3
Let v(w) = w - 4. Let j be ((-35)/14)/(1/(-2)). Calculate v(j).
1
Let n(f) = -f**2 + f. Let l(t) = 2*t**2 + t - 1. Let r(h) = l(h) - 2*n(h). Give r(-1).
4
Let k(a) = a**3 - 5*a**2 + 5*a + 1. Let n be k(4). Let w(p) = -p - 4 + 7*p + p**3 - p - 6*p**2 + 2*p. What is w(n)?
6
Let x be 4*2/(-28) - (-2)/7. Let b(v) = 3*v**3 - 3 - 7*v**3 + 3*v**3 - v**2 - v. Calculate b(x).
-3
Let s(k) = -k**3 - 4*k**2 + 8*k + 6. Let d be (-135)/54*(-4)/(-2). What is s(d)?
-9
Let y(l) be the second derivative of -l**6/360 + l**5/40 + 7*l**4/24 - 3*l**3/2 - 4*l. Let q(c) be the second derivative of y(c). Calculate q(5).
-3
Let s(z) = z**2 + 4*z - 7. Let l be (-5)/(-2) + (-1)/2. Suppose f = -l*k + k - 8, -2*f + k = 7. What is s(f)?
-2
Let q(l) = 4*l + 0*l + 4 - 2*l. Give q(-3).
-2
Suppose -3*j - h = h - 3, -18 = -3*j + 3*h. Let g(z) = 8*z + 4*z - 11*z. What is g(j)?
3
Suppose 3*n = -5*q - n + 29, 0 = 3*q + 4*n - 19. Suppose -4 = -4*z + 2*z. Let p(t) = 3*t + 3 + 0*t**2 + 6*t**z - t**3 - 8*t. What is p(q)?
3
Let j be -3*(1 - (3 + -3)). Let v(r) be the third derivative of r**5/120 + r**4/24 - r**3/3 - 2*r**2. Let d(h) be the first derivative of v(h). Determine d(j).
-2
Let q = -54 - -60. Let p(n) = -n**2 + 4*n - 9. Give p(q).
-21
Let p(x) = -x**2 + 5*x + 10. Let s be p(7). Let l(k) be the second derivative of k**3/3 + k**2 - 2*k. Determine l(s).
-6
Let a be (2 - 6)/(-4)*-7. Let z(g) = -g - 5. Determine z(a).
2
Let y(q) = -5*q**2 + 2*q**2 + 5*q**3 + 4*q**3 - 3 - 8*q**3. Give y(4).
13
Let z(c) = -c - 8. Let t be z(-6). Let b(m) = 6*m - 2 - 20*m + 13*m. Determine b(t).
0
Suppose -14 = -4*w - w - y, 0 = -3*w + 5*y - 14. Let t(o) be the first derivative of -1/4*o**4 + o - 2 - o**w + 5/3*o**3. Calculate t(5).
-9
Suppose -u + 4 = 2*t, -4*u + u - 4*t = -14. Let h(k) = -k + 1. Determine h(u).
-5
Suppose 4*a - 6 = 2. Let j be (a/4)/(2/12). Let q(d) = d**2 - d + 1. Let y(h) = 4*h**2 - h + 8. Let t(k) = 5*q(k) - y(k). Calculate t(j).
-6
Let x(m) = 5*m - 2*m + m - 3. Let j = 4 + -2. Calculate x(j).
5
Let f(o) = 3*o - 1. Let g be (5 - 24) + (-1 - 2). Let l be g/(-8) - 5/(-20). Give f(l).
8
Let b(i) = -i. Let q(t) = 4*t**2 - 2*t**2 - 9*t + 11*t. Let v(x) = 5*b(x) + q(x). Let d be 4 - (0/2 + 1). What is v(d)?
9
Let j = -34 + 52. Let y be (4/(-3))/(4/j). Let m = y + 11. Let u(p) = p - 1. Calculate u(m).
4
Let x(v) = -v**3 - v**2 + 8. Let o(w) = w**2 + 3*w - 7. Let h be o(-5). Let q = h - 3. Give x(q).
8
Let u(k) = 5*k**3 - 20*k**2 - 7*k - 29. Let v(s) = -s**3 + 5*s**2 + 2*s + 7. Let b(h) = 2*u(h) + 9*v(h). Let i(y) = y - 10. Let j be i(6). What is b(j)?
5
Let m(n) = n**2 + 3*n + 4. Let o be m(-3). Suppose -9 + 5 = -o*t. Let s(w) = -6*w - 1. Calculate s(t).
-7
Let y(l) = -2 + 4*l - 3*l + 4*l - 3. Calculate y(4).
15
Let r(h) = -10*h + 1. Let y(p) = -p**2 + 11*p - 10. Let w be y(10). Suppose -4*c + 16 = -w*u - 3*u, -2*c = -3*u - 14. Calculate r(c).
-9
Let w(y) = 2*y**2 - 3*y - 2. Suppose -3*c - 125 = 2*c. Let u be 3/6 + c/(-10). Calculate w(u).
7
Let d(p) be the second derivative of -p**6/120 + p**5/12 - 5*p**4/24 + 2*p**3/3 + 5*p**2/2 - p. Let x(g) be the first derivative of d(g). Calculate x(3).
7
Suppose -5*b - 33 = -3. Let j(h) = -h**2 - 5*h - 1. What is j(b)?
-7
Let r(g) = -5*g**2 - g. Let a(k) = -k + 1. Let j(y) = -2*y - 6. Let s be j(-4). Let q be a(s). Determine r(q).
-4
Suppose -7*c + 2*c = -20. Suppose 0*t - 3*t + c = -4*z, -4*z - 2*t = -16. Let a(r) = z + r + 2 + 4*r + r**2. Determine a(-5).
4
Let p(j) = -2*j - 5. Suppose -8 = 2*i - 0. Give p(i).
3
Let c = 6 - 4. Let m(u) = 11*u - 1. Determine m(c).
21
Let r(t) = 3*t - 2. Let w(n) = -n + 1. Let l(v) = r(v) + 2*w(v). Suppose -25 = -5*p + 5*x, 2*p + x + 0 = 4. Determine l(p).
3
Let t(n) = -3*n + 2*n + 0*n + 1. Calculate t(-3).
4
Let m(s) be the third derivative of -s**5/60 - s**4/8 + s**3/6 - 7*s**2. Let k(z) = 2*z**2 + z + 1. Let t be k(-1). Determine m(t).
-9
Let k(o) = o**3 + 3*o**2 - 2*o + 3. Suppose -6*q = -4*q + 4. Let x = -2 + q. Determine k(x).
-5
Let u(k) be the first derivative of -k**3/3 + 5*k**2/2 + 8*k - 3. Give u(7).
-6
Let i(o) = o**3 - 3*o**2 - o + 3. Let m = 3 - -1. Let z = m - 1. Suppose -3*r = x, 0 = z*x + 5*r - 7 + 3. Determine i(x).
0
Let f(v) = -v**2 - 9*v + 3. Let l be 2 - ((-2)/1 + -8 + 20). Determine f(l).
11
Suppose 0 = t - 4*t + 9. Let j(b) = t*b - 7*b + 3*b + 2. Determine j(3).
-1
Let v(d) = -2*d**3 - 1 + d**3 + 3 + 0*d + 2*d**2 - 2*d. Give v(3).
-13
Let n(x) = -3*x + 3. Let k be n(4). Let w(b) = -7*b + 9. Let d(v) = 2*v - 2. Let i(l) = k*d(l) - 2*w(l). What is i(1)?
-4
Let z(h) = -h**3 + 4*h**2 - 4*h + 3. Let o be z(3). Let a(x) be the first derivative of 1/2*x**2 - 9*x + 1 - 1/3*x**3. Determine a(o).
-9
Let f(y) be the first derivative of 1/2*y**2 - 5 - 12*y. Calculate f(6).
-6
Let k(x) be the third derivative of -x**5/60 + x**4/12 + 2*x**3/3 + 4*x**2. Give k(-3).
-11
Let l(z) = z**2 + 8*z + 3. Let k be (-2)/(((-17)/119)/((-8)/14)). Calculate l(k).
3
Let b(m) = m**2 + 6*m + 2. Let n be 50/18 + 2/9. Suppose -6 = -n*z + 6. Suppose 5 - 25 = z*f. Determine b(f).
-3
Let r(d) = -d**3 + 8*d**2 - d + 10. Let k be r(8). Let x = k - 6. Let j(f) be the second derivative of f**4/12 + 5*f**3/6 + f**2/2 + 8*f. Calculate j(x).
-3
Let p(d) = d**2 + d - 2*d**2 + 3 - 1. Let n be p(-2). Let w(r) = -r**2 - 5*r - 5. Let v be w(n). Let i(x) = 9*x**3 - x - 1. What is i(v)?
-9
Suppose 0 = -5*j + 5*o + 20, -2*o = -4*j - o + 10. Let w(x) = x**2 - 4 - 4*x + 0*x**2 - 2*x**2 + 2*x**j. Let r(g) = -g**2 - 6*g - 4. Let f be r(-4). Give w(f).
-4
Suppose 9 = 2*a + 23. Let p(k) = -k**2 - 7*k + 4. What is p(a)?
4
Let c(f) = -5*f**2 + 4*f + 1. Let h(i) = -5*i**2 + 5*i + 1. Let p(t) = -3*c(t) + 2*h(t). Calculate p(-1).
6
Let c = -8 - -11. Let o(t) be the third derivative of -t**5/60 + t**4/12 - 13*t**2. Calculate o(c).
-3
Let o(f) = 5*f**3 + 7*f**2 + 16. Let m(v) = -4*v**3 - 6*v**2 - 16. Let a(l) = 6*m(l) + 5*o(l). What is a(0)?
-16
Suppose 7 = f + 2. Let l(i) = i**2 - 4*i + 3. What is l(f)?
8
Let w(s) = -s**3 + 7*s**2 + 3. Suppose 3*h + 3*l - 2*l - 23 = 0, -3*l = -6. Let p be w(h). Let g(y) = -2*y**2 + 5*y - 4. Calculate g(p).
-7
Let w(n) be the third derivative of n**6/120 - n**5/60 - n**4/24 + n**3/6 + 15*n**2. Suppose x + 5 - 1 = 0, 5*x + 21 = c. Let s = 1 - c. Determine w(s).
1
Let k(h) = -h**3 + 14*h**2 + 16*h - 6. Let g be k(15). Let w(l) = l**2 - 8*l - 13. Calculate w(g).
-4
Suppose -3 - 8 = -5*w - 3*u, 0 = -2*w + 4*u - 6. Suppose -5*z - s + 7 = w, -5*z + 5*s + 30 = 0. Let q(r) = 7*r - 3. Determine q(z).
11
Let x(k) = k**2 + 2*k + 1. Suppose -2*b - b + 4 = -2*w, 5*w + 25 = 0. Determine x(b).
1
Let q = -5 + 7. Let n(p) = 1 - 3*p**2 - 2 - q*p - 3*p + 6*p. Determine n(2).
-11
Let i(b) be the second derivative of b**4/12 + b**3/6 - 9*b**2/2 - 9*b. What is i(0)?
-9
Let c(l) = -5*l**3 - 2*l**2 - 2*l - 1. Let b be 90/(-78) - (-4)/26. What is c(b)?
4
Let p(w) = -w**2 + w + 1. Let q(x) = 3*x**2 - 3. Let j(z) = -2*p(z) - q(z). Let u = 14 - 16. Determine j(u).
1
Let n(c) = -c - 6. Let h be (0/(2 - 4))/1. Calculate n(h).
-6
Let p(b) be the first derivative of b**3/3 - 2*b**2 + 3*b - 1. Suppose -2*c - 2*c = -12. Let n be c/(-1 + 2)*1. Give p(n).
0
Suppose p - 10 = 6*p. Let x = p + -2. Let w(s) = s**3 + 3*s**2 - 4*s - 3. What is w(x)?
-3
Let z(a) = 2*a**3 - 2*a**2 + 4*a - 3. Let n(v) = -v - 6. Suppose 5*r = 2*p + 41, -p - r + 5*r = 28. Let i be n(p). Determine z(i).
13
Let u = -2 - 3. Let s(k) = -k**3 - 4*k**2 + 5*k + 7. What is s(u)?
7
Let a(s) be the first derivative of -s**4/12 - s**3/6 - 5*s**2/2 - 3*s - 3. Let q(i) be the first derivative of a(i). Determine q(0).
-5
Let w(j) = 11 + 7*j + 4*j - 10*j - 3*j. What is w(8)?